{"id":2,"date":"2017-01-18T00:00:21","date_gmt":"2017-01-18T00:00:21","guid":{"rendered":"http:\/\/wp452m.a10-52-158-154.qa.plesk.ru\/wordpress\/?page_id=2"},"modified":"2017-01-18T19:41:07","modified_gmt":"2017-01-18T19:41:07","slug":"sample-page","status":"publish","type":"page","link":"https:\/\/www.av-tassilo.org\/?page_id=2","title":{"rendered":"\u00dcber uns"},"content":{"rendered":"<h2>Regelm\u00e4\u00dfiges Lernen &#8230;<\/h2>\n<div>Regelm\u00e4\u00dfiges Lernen und das Ablegen von Pr\u00fcfungen stehen bei jedem Studierenden zweifellos im Vordergrund. Das Studium kann aber zus\u00e4tzlich noch eine Menge anderer Facetten bieten: Freundschaften auf Lebenszeit, Feste, von denen die ganze Fakult\u00e4t spricht, Abenteuer und Erfahrungen, die man alleine wohl nie gemacht h\u00e4tte, gegenseitige Hilfe ebenso wie das Verfolgen gemeinsamer Interessen. Dies alles sind Facetten, die die Universit\u00e4t alleine nicht bieten kann &#8211; die findest du bei der Tassilo.<br \/>\nSolltest du deine Studienzeit um oben genannte Erfahrungen bereichern wollen, bist du herzlich eingeladen, als Gast oder gar als angehendes Mitglied unsere Veranstaltungen zu besuchen.Bei unseren Veranstaltungen und in unserer gesamten Studienzeit leben wir nach folgenden Prinzipien.<\/p>\n<\/div>\n<h3>Religion (religio)<\/h3>\n<div>Engagiertes Christentum ist eine unserer Wurzeln. Mit Vortr\u00e4gen zu religi\u00f6sen und kirchlichen Themen, Gottesdiensten und karitativen Veranstaltungen tragen wir unseren Glauben in den Alltag.<\/div>\n<h3>Wissenschaft (scientia)<\/h3>\n<div>Wir lernen mehr als im Studienplan steht: Vortr\u00e4ge, Fahrten, Gespr\u00e4che und Diskussionen helfen uns, einen weiten Horizont zu bekommen und zu behalten.<\/div>\n<h3>Freundschaft (Amicitia)<\/h3>\n<div>Gemeinsam studieren, feiern und sich engagieren schwei\u00dft zusammen. Deshalb bleibt man auch nach dem Studium Tassilote. \u00c4ltere Mitglieder stehen den j\u00fcngeren bei Fragen zu Studium oder Beruf gerne mit Rat und Tat zur Seite. Ein Leben lang<\/div>\n<h3>Vaterland (patria)<\/h3>\n<div>In unserer Verbindung gibt es Mitglieder verschiedenster politischer \u00dcberzeugungen. Extremismus jedweder Art findet aber keinen Platz bei uns. Weder Hautfarbe noch Staatszugeh\u00f6rigkeit unserer Bundesbr\u00fcder sind ausschlaggebend f\u00fcr die gegenseitige Akzeptanz in unserer Gemeinschaft. F\u00fcr uns ist selbstverst\u00e4ndlich, die Republik \u00d6sterreich, die Europ\u00e4ische Union und zugeh\u00f6rige rechtsstaatliche Symbole zu achten.<\/div>\n<div><strong>Philipp Summereder v. Galahad<\/strong><\/div>\n<div><strong>Senior im Sommersemester 2007\/08<\/strong><\/div>\n<h2>Wir kennen &#8230;<\/h2>\n<div>&#8230;in Linz einige dominante Hochschulverbindungen. Wir Tassiloten sind etwas anders. Bei uns wird kein Neumitglied zum Putzen verdonnert, kein \u201eFux\u201c zum Bier holen eingeteilt und Arbeiten werden grunds\u00e4tzlich gemeinsam verrichtet.<\/div>\n<div>Das Couleurstudententum bittet viel, entscheidend ist aber das gemeinsame Prinzip der Lebensfreundschaft. Egal ob im ersten Semester des Studiums oder im letzten Jahr im Amt eines Generaldirektors, innerhalb der Verbindung und des Verbandes ist man per Du und lebt das auch. Besonders bei uns.<\/div>\n<div>In unserer Gemeinschaft gibt es keinen Generationenkonflikt, bei uns wird nur hie und da um gemeinsame Ideale gestritten und diskutiert, egal ob man 21 Jahre alt oder mitten im Leben ist.<\/div>\n<div>Lebensfreundschaft, Bekenntnis zu den christlichen Werten, Werte wie Heimat und europ\u00e4ische Integration und lebenslanges Lernen sind f\u00fcr uns die zentralen Grundwerte.<\/div>\n<div>Ich selbst kenne Couleurstudenten aus allen Verb\u00e4nden, aus vielen L\u00e4ndern, bin auch selbst in mehreren Verbindungen heimisch geworden. Aber die AV Tassilo ist einzigartig.<\/div>\n<div><strong>Wolfgang Stadlbauer v. Eristoff<\/strong><br \/>\n<strong> Fuxmajor im Wintersemester 2007\/08<\/strong><\/div>\n","protected":false},"excerpt":{"rendered":"<p>Regelm\u00e4\u00dfiges Lernen &#8230; Regelm\u00e4\u00dfiges Lernen und das Ablegen von Pr\u00fcfungen stehen bei jedem Studierenden zweifellos im Vordergrund. Das Studium kann aber zus\u00e4tzlich noch eine Menge anderer Facetten bieten: Freundschaften auf Lebenszeit, Feste, von denen die ganze Fakult\u00e4t spricht, Abenteuer und Erfahrungen, die man alleine wohl nie gemacht h\u00e4tte, gegenseitige Hilfe ebenso wie das Verfolgen gemeinsamer &hellip; <a href=\"https:\/\/www.av-tassilo.org\/?page_id=2\" class=\"more-link\"><span class=\"screen-reader-text\">\u201e\u00dcber uns\u201c<\/span> weiterlesen<\/a><\/p>\n","protected":false},"author":1,"featured_media":0,"parent":0,"menu_order":0,"comment_status":"closed","ping_status":"closed","template":"","meta":{"ngg_post_thumbnail":0,"footnotes":""},"class_list":["post-2","page","type-page","status-publish","hentry"],"_links":{"self":[{"href":"https:\/\/www.av-tassilo.org\/index.php?rest_route=\/wp\/v2\/pages\/2","targetHints":{"allow":["GET"]}}],"collection":[{"href":"https:\/\/www.av-tassilo.org\/index.php?rest_route=\/wp\/v2\/pages"}],"about":[{"href":"https:\/\/www.av-tassilo.org\/index.php?rest_route=\/wp\/v2\/types\/page"}],"author":[{"embeddable":true,"href":"https:\/\/www.av-tassilo.org\/index.php?rest_route=\/wp\/v2\/users\/1"}],"replies":[{"embeddable":true,"href":"https:\/\/www.av-tassilo.org\/index.php?rest_route=%2Fwp%2Fv2%2Fcomments&post=2"}],"version-history":[{"count":4,"href":"https:\/\/www.av-tassilo.org\/index.php?rest_route=\/wp\/v2\/pages\/2\/revisions"}],"predecessor-version":[{"id":15,"href":"https:\/\/www.av-tassilo.org\/index.php?rest_route=\/wp\/v2\/pages\/2\/revisions\/15"}],"wp:attachment":[{"href":"https:\/\/www.av-tassilo.org\/index.php?rest_route=%2Fwp%2Fv2%2Fmedia&parent=2"}],"curies":[{"name":"wp","href":"https:\/\/api.w.org\/{rel}","templated":true}]}}